2. Calculate the highest common divisor of 75 and v.
25
Suppose -3*s - 45 = 27. Let y be (-74)/(-3) - ((-18)/3)/18. Let w = y + s. Calculate the highest common divisor of w and 1.
1
Let h = -7 + 43. Let l = 132 - 24. Suppose 156 = 4*t + l. What is the greatest common factor of h and t?
12
Suppose -81 = -2*n + 3*a, -n + 26 = 5*a - 8. Calculate the highest common divisor of n and 39.
39
Suppose -28*p + 550 = -3*p. Let v(r) = r**3 + 8*r**2 + 3*r - 3. Let m be v(-3). What is the highest common factor of m and p?
11
Suppose 0*b - 97 = -5*b + 2*s, b - 9 = 3*s. Suppose -162 = 2*n - 5*n. Let i be n/14 - (-3)/b. Calculate the highest common divisor of i and 8.
4
Let s(l) = 2*l - 1. Let i be s(2). Suppose -2*c - i*c = -640. Suppose 3*h = 5*o + 53, 3*o - 25 - 20 = -3*h. What is the greatest common divisor of h and c?
16
Let l = 3 + 18. Suppose 2*i + 74 = 4*n, -2*i - n = -0*n + 89. Let q = 146 - i. Calculate the greatest common factor of q and l.
21
Let g = -46 - -103. Suppose -4082 - 1903 = -35*r. What is the greatest common divisor of g and r?
57
Suppose 15 = -3*p - z - 6, -20 = p - 4*z. Suppose 7*h = 2*h + 30. Let n be p*(-21)/h - -4. Calculate the highest common factor of n and 80.
16
Suppose 2*x - 2*u + 532 = 1886, -3*u - 2711 = -4*x. Calculate the highest common divisor of x and 10.
10
Suppose 121*x - 117*x - 2432 = 0. What is the greatest common factor of x and 38?
38
Suppose q + 4*w = 47, -183 = 24*q - 27*q + 2*w. What is the highest common factor of 1416 and q?
59
Suppose z = -5 + 9. Suppose 3*k + 5*y - 97 = 0, 6*k - 53 = z*k - y. What is the greatest common factor of k and 6?
6
Suppose 11 = -37*u + 122. Let c = 6 - -8. Let n = c + -8. What is the highest common factor of n and u?
3
Let l be -2*(1 + -4) - (-24)/(-6). Suppose -g = 2*o - 219, -o + 1 = -2. Let c be 1/l - g/(-6). Calculate the greatest common divisor of c and 18.
18
Let d be 1/2*(4 - (3 - 3)). Suppose -6*j + a = -j - 655, d*j + 5*a = 289. Calculate the greatest common factor of 12 and j.
12
Suppose -29*k = -612 + 32. What is the greatest common factor of k and 70?
10
Suppose -2*o = 4*d - 470, 0 = 82*d - 86*d + o + 485. Let y(c) = -3*c + 3. Let v be y(-4). What is the highest common divisor of v and d?
15
Suppose 0 = -3*f - 4*o + 79, -f + 18 = -0*f + 3*o. What is the highest common factor of f and 24?
3
Suppose 0 = 3*y - 76 + 4. Let h(s) = 3*s**2 + s + 2. Let b be h(-1). Suppose -7 - 5 = -b*u. Calculate the highest common divisor of u and y.
3
Let j = 536 - 371. Calculate the greatest common divisor of 66 and j.
33
Suppose -22*m + 18 = -19*m. Let u be m*3*(0 + (-7)/(-21)). Let z(j) = -j**3 + 3*j**2 - 1. Let s be z(2). Calculate the highest common divisor of s and u.
3
Let p = 24 - 22. Suppose y - p*i - 298 = 0, 3*i - 920 = -4*y + 261. Calculate the greatest common factor of 37 and y.
37
Let a(w) = -3*w - 3. Let r be a(-3). Let d be (-12)/(-18) + 428/r. Suppose d = -0*g + 3*g. Calculate the highest common factor of 12 and g.
12
Let m(h) = h + 30. Let w be m(0). Let d = -5 - -7. Suppose 40 = 3*y + 2*t, -5*y + 66 = d*t + t. What is the highest common divisor of y and w?
6
Let u(d) = d**2 + 3*d + 10. Let g be u(-4). Let y = 41 + 127. Suppose 6*k - y = 2*k. Calculate the highest common divisor of g and k.
14
Let y(r) = r**2 + 14*r + 70. Let x be y(-8). Calculate the highest common factor of x and 209.
11
Let p(r) = -r**2 + 6*r - 8. Let x(m) = -4*m**2 + 23*m - 32. Let i(j) = 9*p(j) - 2*x(j). Let s be i(4). What is the greatest common divisor of 88 and s?
8
Let l(z) = 31*z - 12. Let u be l(5). Suppose 2*m - 5*f + 1 = -5, 32 = -5*m + 4*f. Let n = m + 21. Calculate the greatest common factor of u and n.
13
Suppose 2*a - 1606 = -5*r, -r - 98 + 430 = 4*a. What is the highest common divisor of 30 and r?
10
Suppose -n - 4*m = 95 - 257, 0 = 4*n + 5*m - 648. Calculate the highest common factor of n and 36.
18
Suppose 32 = -3*z - 10. Let u = z - -18. Suppose -u*r + 2*r = -176. Calculate the greatest common divisor of 11 and r.
11
Suppose -368 = -4*s + a, -4*a + 2*a + 460 = 5*s. Calculate the highest common divisor of s and 23.
23
Suppose -5*i - 95*k + 1436 = -99*k, 0 = 3*i - 3*k - 861. Calculate the highest common factor of 256 and i.
32
Let f = 910 - 872. What is the highest common divisor of 247 and f?
19
Let d = -1965 - -1969. Calculate the greatest common divisor of 152 and d.
4
Let u be 4 + -7 + 365 + (-2)/1. What is the greatest common divisor of 48 and u?
24
Suppose -m + g = 4*m - 44, 0 = -3*m + 5*g + 44. Suppose 0 = m*p - 2*p - 1056. Calculate the greatest common factor of p and 16.
16
Let s be ((-33)/(-6))/(2/4). Let i = 29 - s. Let u = 10 - -17. What is the greatest common divisor of i and u?
9
Let p = 10 + 39. Calculate the greatest common factor of p and 14.
7
Let a = 124 + -106. Suppose 5*r - 6*r = 0. Suppose r = -2*k - 5 + 23. What is the highest common factor of a and k?
9
Suppose 5*a + 4*l = -27, -l = -4*l + 6. Let s be (-338)/a - 30/105. What is the highest common divisor of 72 and s?
24
Let f(l) be the first derivative of -53*l**2/2 + 2*l - 1. Let g be f(-2). Calculate the greatest common divisor of g and 12.
12
Let i(r) be the first derivative of 3*r**2 - 54*r - 3. Let n be i(15). Calculate the greatest common divisor of n and 396.
36
Suppose -16*t = -14*t - 30. Suppose 2*s - 88 = 4*l, 9*l = 4*l - t. Calculate the highest common factor of s and 2.
2
Let u be (-1 + -1)*5/(-10)*-1. Let l be 44 + ((u - -1) + 1)*1. What is the highest common divisor of l and 5?
5
Suppose 3*q - 25 = -4*t + 15, 0 = -4*q. Let a(s) = 28*s**2 - 2*s + 2. Let b be a(2). What is the greatest common factor of t and b?
10
Suppose -3*g + 10 - 13 = 0. Let s be g + 1 + (-35)/(-28)*12. What is the highest common divisor of s and 60?
15
Suppose 4*s + 47 + 1 = 0. Let v = 26 + s. Calculate the highest common factor of 35 and v.
7
Suppose c - 14 = -5*y, 0 = 5*c - 6*y - 114 - 18. What is the highest common factor of 126 and c?
6
Let y(n) = -n + 12. Let l be y(9). Let x = 21 - 19. Calculate the greatest common divisor of l and x.
1
Suppose -17*u = -12*u + 4*f - 277, 104 = 2*u + 5*f. What is the highest common factor of u and 1083?
57
Let s = -16 - -34. Suppose 2*k - 50 = -s. What is the highest common divisor of k and 2?
2
Suppose 2*y - 5*q + 32 = 5*y, 4 = -2*q. Calculate the greatest common divisor of 126 and y.
14
Suppose -2*y + 66 = 3*c, -4*c + 0*y = y - 88. Let b = -33 + 66. Let p = 0 + b. Calculate the greatest common divisor of c and p.
11
Suppose 3*m + 0*m - 18 = -3*u, 0 = -3*m + 5*u + 10. Let c = -4713 + 4768. What is the greatest common factor of m and c?
5
Suppose -2825 = -5*y + 5*s, -3*s + 2266 = 4*y - 5*s. What is the greatest common factor of y and 710?
142
Let w be 25/150 + 10671/18 + 1. Calculate the greatest common divisor of 18 and w.
18
Let s = -39 - -39. Let k be ((-4)/14 - s) + 3380/70. Calculate the greatest common divisor of 16 and k.
16
Let o(p) = 2*p**2 + 2*p + 1. Let n be o(-3). Let v = 49 - 37. Let x = 25 - v. What is the greatest common divisor of x and n?
13
Let y be (1 + 5/(-4))/(38/(-3800)). Suppose -y*m + 21*m = -384. Let i(a) = 7*a - 2. Let g be i(2). What is the highest common factor of g and m?
12
Suppose -159 + 161 = -2*m. Let x be (0 - m) + (25 - 15). Calculate the highest common factor of 187 and x.
11
Let r(l) = -l**2 - 7*l. Let n be r(-6). Let b(c) = -c**2 + 5*c + 12. Let f be b(5). What is the highest common factor of f and n?
6
Let w(h) = -h**3 + 8*h**2 + 9*h + 7. Let r be w(9). Suppose -4*n = -r - 25. Suppose n*j = 7*j + 12. What is the highest common factor of 12 and j?
12
Let r = 273 + -152. Calculate the highest common factor of 22 and r.
11
Let r be 4/16*2*2. Let a be r/4 + 2514/24. Calculate the greatest common factor of a and 15.
15
Let k(b) = 8*b**2 - 29*b - 17. Let r be k(10). What is the highest common divisor of 204 and r?
17
Suppose -2*p - 5 = -p, -19 = -2*c + 5*p. Let b be (-2)/c + (-1000)/(-12). What is the greatest common factor of b and 12?
12
Suppose -1022 + 266 = -4*o. What is the highest common factor of o and 21?
21
Suppose -a + 3*t = -3, -28*t = 4*a - 24*t - 92. What is the greatest common divisor of a and 432?
18
Suppose 510 = 7*w - w. Suppose -13*i - w = -14*i. What is the greatest common divisor of i and 34?
17
Suppose 5*k - t - 157 = 0, -2*k + 3*t = 3*